 d(c) = -39*c - 426. Let u be d(-11). Suppose -5*g + m = -164, 2*g - 5*g + 96 = -u*m. What are the prime factors of g?
3, 11
List the prime factors of 5484 - 46 - 8/(-1).
2, 7, 389
Let z(v) = 1 - v + 20 - 13*v - 3*v + 6*v**2. What are the prime factors of z(14)?
7, 137
Let h = -50 + 55. Suppose 4*o + h = -11. Let k = o + 42. What are the prime factors of k?
2, 19
List the prime factors of 21058 + -196 + 5*-1.
20857
Suppose 1608185 = 30*n + 4436 - 167751. What are the prime factors of n?
2, 5, 1181
Suppose i = 4*x + 430 - 6742, x - 1567 = 3*i. What are the prime factors of x?
1579
Suppose 4*s - 138 = 26. Suppose -7640 = -s*c + 21*c. What are the prime factors of c?
2, 191
Let t = 344 - 342. Suppose -t*i = 3*x - 1707, -18*x + 15 = -23*x. List the prime factors of i.
2, 3, 11, 13
Suppose -4*s + 11204 - 1807 = 5*v, s - 2359 = 2*v. What are the prime factors of s?
13, 181
List the prime factors of 0/17 + (-86576)/(-42)*18/4.
2, 3, 773
Let v = 210 - -12903. What are the prime factors of v?
3, 31, 47
Suppose 70*f - 63*f = -132*f + 4340970. List the prime factors of f.
2, 3, 5, 347
Let g(x) = -5*x + 15. Let n be g(5). Let b be 78 - n/(-2) - (-1 + 4). Let j = b - 6. What are the prime factors of j?
2
Let o be 28/42 - (-2)/(-3). Let g be (4 - 2) + o + 0/9. Suppose 5*q - 180 = -n, 3*n - 489 = -0*n + g*q. List the prime factors of n.
3, 5, 11
Let r(q) = q**3 + 3*q**2 + 2*q + 3. Let a be r(-2). Suppose 0 = a*z + 23 - 62. Let n = 23 - z. What are the prime factors of n?
2, 5
Suppose -18*q + 57*q - 16445 = 28*q. List the prime factors of q.
5, 13, 23
Suppose 0 = -183*b - 158*b + 2063050. What are the prime factors of b?
2, 5, 11
Let v(x) = -x**3 - 5*x**2 + 4*x - 11. Let o be -3 - (6/4)/(3/4). Let m be 3*o/5*3. List the prime factors of v(m).
277
List the prime factors of (80558*4/(-24))/(6/(-18)).
47, 857
Let b(k) = -k**2 + 22*k + 26. Let w be b(21). Let m = 52 - w. Suppose 4*p - 12 = 0, -3*p = m*o + 54 - 613. What are the prime factors of o?
2, 5, 11
Suppose 4*x = -13*y + 140849, 19*x + 3*y + 176196 = 24*x. List the prime factors of x.
3, 5, 29
Let m = 4711 - -9358. List the prime factors of m.
11, 1279
Let q(v) = v**2 - 17*v + 3. Let y(j) = -2*j**2 - 12*j - 2. Let i be y(-5). Let p be q(i). Let b = -59 - p. What are the prime factors of b?
2, 5
Let p(i) = 3*i - 28. Let q be p(0). What are the prime factors of (-37)/(q/24 + 1)?
2, 3, 37
Suppose 0 = 3*k - 11*l + 7*l - 9368, 2*k = 4*l + 6240. Suppose 3*d + 2*z = k + 284, 4*d = 3*z + 4572. List the prime factors of d.
2, 3, 5, 19
Let k be (9 - 7)/((-1)/2). Let z = k - 16. Let s = 50 + z. What are the prime factors of s?
2, 3, 5
Let h(x) = 119*x + 223. Let b be h(-20). Let m = -1153 - b. List the prime factors of m.
2, 251
Let k(l) = -448*l + 19. Let n be k(-4). Suppose -4*o - 1768 = -4*t, n = 3*t + 5*o + 485. List the prime factors of t.
2, 13, 17
Suppose 4*s = m - 2*m + 73, 5*m - 2*s - 453 = 0. Let r = m - 89. Suppose 5*p - 55 = -q + 1, 3*p + 3*q - 36 = r. List the prime factors of p.
11
Suppose -5*p - 3*v = -27, 0*v - 4*v + 16 = 0. Suppose j = 5*w - p*j - 1662, 1332 = 4*w - 4*j. List the prime factors of w.
2, 3, 5, 11
Suppose 11*l = -22*l + 8*l + 543400. List the prime factors of l.
2, 11, 13, 19
Suppose 0*x - 5*c = x + 104, -x - 120 = -3*c. Let z = 391 + x. What are the prime factors of z?
277
Suppose 0 = -w + 54 - 51. Suppose 0 = 2*t - 29 - w. Let d = t - -18. What are the prime factors of d?
2, 17
Suppose 19*l - 24*l + 4*r = -217566, 5*l - 217562 = 3*r. What are the prime factors of l?
2, 5, 19, 229
Suppose q = 75 + 129. Suppose -8*r + q = 9*r. List the prime factors of r.
2, 3
Suppose 3*c = -2*i + 184, -4*c + 24 - 194 = -2*i. Let d = i - 64. Suppose -5*l + 65 = -3*s, 5*l - d = 3*l + s. List the prime factors of l.
2, 5
Let x be -4*(552/(-72) - 2/(-3)). What are the prime factors of ((-4728)/x)/((-6)/42*1)?
2, 3, 197
Suppose 380*k + 124900 = 390*k. What are the prime factors of k?
2, 5, 1249
Let f(w) = -3*w**3 - w**2 - 2*w + 4418. List the prime factors of f(0).
2, 47
Let q(t) = 256*t - 36. Let u be q(5). Suppose -40*v + u = -36*v. List the prime factors of v.
311
Let b(i) = 21*i**2 - 740*i - 99. List the prime factors of b(43).
2, 5, 691
Let g be 615315/(-9) + 1 + (-15)/9. List the prime factors of (-4)/14 - g/49.
3, 5, 31
Suppose 6 + 22 = 7*a. Suppose -a*g + g + 414 = i, -i + 416 = g. Let l = -277 + i. List the prime factors of l.
2, 5, 7
Suppose 16*j = 85640 - 29816. List the prime factors of j.
3, 1163
Suppose 2*y = 8, 3*w + 0*y + y - 82 = 0. Suppose w*o - 3312 = 1316. List the prime factors of o.
2, 89
Suppose 5*n + 4 + 9 = k, -5*k = -n - 17. Suppose 147 = s + 2*g - 5*g, k*g = 4*s - 606. List the prime factors of (-45)/3*s/(-15).
3, 17
Let j = -15359 + 15330. Suppose 3*k = -3*q - 2*q - 731, 4*q = -2*k - 584. Let f = j - q. List the prime factors of f.
2, 29
Suppose 40*u + 320074 = 86*u + 51940. What are the prime factors of u?
3, 29, 67
Suppose 6*c = 9*c - 3, 5*x - 2368 = -3*c. Suppose 3*p - 997 - x = 0. List the prime factors of p.
2, 5, 7
Let u(y) = -6*y - 130. Let c be u(-30). What are the prime factors of 89*2 - (-54 + c)?
2, 7, 13
Suppose 5*i + 2*q = 35, -2*i = 13*q - 12*q - 15. Suppose 1861 = i*a + n, -3*n = 4*a + 299 - 1790. List the prime factors of a.
2, 3, 31
Let i be 1*(1 - (1 + -32)). Suppose -i*s = -36*s + 6416. List the prime factors of s.
2, 401
Suppose -3*i - 5*y + 11135 + 62121 = 0, -4*i - 4*y = -97672. List the prime factors of i.
3, 2713
Suppose 16*w = 17*w + 5*y - 25, 17 = w + 3*y. Suppose 0*t - t = -640. Suppose -10*l + w*l = -t. What are the prime factors of l?
2
Let g = -47 - -65. Let f = -14 + g. Suppose -70 = -n - 0*m + f*m, -3*n = -m - 254. What are the prime factors of n?
2, 43
Suppose 870740 = 12296*j - 12270*j. What are the prime factors of j?
2, 5, 17, 197
Let l be 2/25*5*10. Suppose 3*q - 4*g = -98 + 2299, 0 = l*q + 3*g - 2943. List the prime factors of q.
3, 5, 7
Let o = -7 - -8. Suppose -4*b + z + 14 = 0, 2*z + 5 = o. Suppose 0 = -2*d - b*l + 100, -4*d + 202 = -l + 16. What are the prime factors of d?
47
Let g be (-3)/(-6) + 152/16. Suppose -13650 = -g*x - 4*x. Suppose -8*u + 2975 - x = 0. What are the prime factors of u?
2, 5
Let g = 4693 - 653. What are the prime factors of g?
2, 5, 101
Let q be (-224)/(-2 - 7 - -7). Let m = 251 + q. What are the prime factors of m?
3, 11
List the prime factors of 10/2 - 41562/(-6).
2, 1733
Let w = 41 - 36. Let l(c) = c**3 + 26*c**2 - 28*c - 23. Let m be l(-27). Suppose 3*u - 224 = -w*x, x = -3*x - m*u + 176. List the prime factors of x.
2, 23
Let i(l) = l**3 - 9*l**2 - 12*l + 4. Let h be i(8). Suppose -4*o - 3*q = 930, -10 = -9*q + 4*q. Let g = h - o. List the prime factors of g.
2, 3, 13
Suppose 28072 + 72067 = 5*s + 2*n, -4*n + 100123 = 5*s. What are the prime factors of s?
3, 11, 607
What are the prime factors of 7530/(-9)*(-4536)/336?
3, 5, 251
Let p = -1542 - -19180. List the prime factors of p.
2, 8819
Let x(g) = -g**2 + g + 14. Let a be x(6). Let c = a + 20. Suppose c*q - m = 365, m - 51 - 44 = -q. What are the prime factors of q?
2, 23
Let b be (3 - (-20)/(-8))*12. Let c(v) = v**3 - v**2 - 15*v + 15. What are the prime factors of c(b)?
3, 5, 7
Suppose -18 = -4*t + 2*j, -4*t = -8*t + 4*j + 12. Suppose -91 = -t*k + 41. Let y = k - 13. List the prime factors of y.
3
Let f be (-2 + 3)/4*-268. Let n = f + 68. What are the prime factors of (3 + n)/((-21)/(-210))?
2, 5
Suppose -430*i - 49 = -423*i. What are the prime factors of 3490/9 + 20/(-630)*i?
2, 97
Suppose -2*i = -4*s - 2, 3*i - 3 = -4*s - 40. What are the prime factors of (i - -5)/(8/(-156))?
3, 13
Suppose 187 = 2*j - 149. Suppose -6*w + 708 = -3*w. Let y = w - j. List the prime factors of y.
2, 17
Suppose -10 + 42 = 4*n. Let b be (n/6)/(7/(21/2)). Suppose -4*p = 3*l - 836, -627 = -p - b*p - 4*l. List the prime factors of p.
11, 19
Let u(m) = 323*m + 157. List the prime factors of u(8).
2741
Suppose 4*m - 117804 = -4*f, -2*f = -10*m + 469135 - 174637. List the prime factors of m.
2, 5, 19, 31
What are the prime factors of ((-64740)/(-208) + (-6)/(-8))*241?
2, 3, 13, 241
Suppose -13 = -5*h + 2. Let b(y) = h + 24*y**2 + 2 - 4*y - 3. What are the prime factors of b(2)?
2, 3, 5
Let o(n) = n**2 + 6*n - 5. Let x be o(-7). Let u(b) be the first derivative of -b**3/3 + 6*b -